{"id":101,"date":"2023-01-20T12:51:07","date_gmt":"2023-01-20T11:51:07","guid":{"rendered":"https:\/\/www.sg-hamburg-west.de\/wordpress\/?page_id=101"},"modified":"2023-01-23T12:13:35","modified_gmt":"2023-01-23T11:13:35","slug":"news-und-updates","status":"publish","type":"page","link":"https:\/\/www.sg-hamburg-west.de\/wordpress\/news-und-updates\/","title":{"rendered":"News und Updates"},"content":{"rendered":"\n<div class=\"wp-block-query is-layout-flow wp-block-query-is-layout-flow\"><ul class=\"wp-block-post-template is-layout-flow wp-block-post-template-is-layout-flow\"><li class=\"wp-block-post post-634 post type-post status-publish format-standard hentry category-allgemein\">\n\n<div class=\"wp-block-group\"><div class=\"wp-block-group__inner-container is-layout-constrained wp-block-group-is-layout-constrained\">\n<div class=\"wp-block-columns is-layout-flex wp-container-core-columns-is-layout-9d6595d7 wp-block-columns-is-layout-flex\">\n<div class=\"wp-block-column is-vertically-aligned-center is-layout-flow wp-block-column-is-layout-flow\"><div class=\"wp-block-post-author has-small-font-size\"><div class=\"wp-block-post-author__avatar\"><img alt='' src='https:\/\/secure.gravatar.com\/avatar\/f6c33fd6fa2d98ee66ce28015b308130d303b51e2221e0f938b7e8234a05a151?s=48&#038;d=mm&#038;r=g' srcset='https:\/\/secure.gravatar.com\/avatar\/f6c33fd6fa2d98ee66ce28015b308130d303b51e2221e0f938b7e8234a05a151?s=96&#038;d=mm&#038;r=g 2x' class='comment_img avatar-48 photo' height='48' width='48' \/><\/div><div class=\"wp-block-post-author__content\"><p class=\"wp-block-post-author__name\">Reporter<\/p><\/div><\/div><\/div>\n\n\n\n<div class=\"wp-block-column is-vertically-aligned-center is-layout-flow wp-block-column-is-layout-flow\"><div class=\"has-text-align-center wp-block-post-date has-small-font-size\"><time datetime=\"2025-02-03T15:32:38+01:00\">3. Februar 2025<\/time><\/div><\/div>\n\n\n\n<div class=\"wp-block-column is-vertically-aligned-center is-layout-flow wp-block-column-is-layout-flow\"><div class=\"taxonomy-category wp-block-post-terms has-small-font-size\"><a href=\"https:\/\/www.sg-hamburg-west.de\/wordpress\/category\/allgemein\/\" rel=\"tag\">Allgemein<\/a><\/div><\/div>\n<\/div>\n<\/div><\/div>\n\n\n<h3 class=\"wp-block-post-title\">Niendorfer TSV verl\u00e4sst die SG<\/h3>\n\n\n\n<div class=\"entry-content wp-block-post-content has-small-font-size is-layout-flow wp-block-post-content-is-layout-flow\">\n<p>Der Niendorfer TSV hat zum 31.12.2024 die SG Hamburg-West leider verlassen. Als Gr\u00fcndungsmitglied der SG und nach nun \u00fcber 20 Jahre treuer Unterst\u00fctzung trennen sich die Wege. Aber wir hoffen nicht endg\u00fcltig. Wir wollen und werden auch weiterhin gemeinsam Wettk\u00e4mpfe organisieren, Erfahrungen austauschen und unser Bestes geben, um den Hamburger Schwimmsport, insbesondere im Hamburger Westen zu entwickeln. Nun zwar organisatorisch getrennt aber mit gemeinsamen Ideen zur Gestaltung des Schwimmsports.<\/p>\n<\/div>\n<\/li><li class=\"wp-block-post post-601 post type-post status-publish format-standard hentry category-allgemein\">\n\n<div class=\"wp-block-group\"><div class=\"wp-block-group__inner-container is-layout-constrained wp-block-group-is-layout-constrained\">\n<div class=\"wp-block-columns is-layout-flex wp-container-core-columns-is-layout-9d6595d7 wp-block-columns-is-layout-flex\">\n<div class=\"wp-block-column is-vertically-aligned-center is-layout-flow wp-block-column-is-layout-flow\"><div class=\"wp-block-post-author has-small-font-size\"><div class=\"wp-block-post-author__avatar\"><img alt='' src='https:\/\/secure.gravatar.com\/avatar\/f6c33fd6fa2d98ee66ce28015b308130d303b51e2221e0f938b7e8234a05a151?s=48&#038;d=mm&#038;r=g' srcset='https:\/\/secure.gravatar.com\/avatar\/f6c33fd6fa2d98ee66ce28015b308130d303b51e2221e0f938b7e8234a05a151?s=96&#038;d=mm&#038;r=g 2x' class='comment_img avatar-48 photo' height='48' width='48' \/><\/div><div class=\"wp-block-post-author__content\"><p class=\"wp-block-post-author__name\">Reporter<\/p><\/div><\/div><\/div>\n\n\n\n<div class=\"wp-block-column is-vertically-aligned-center is-layout-flow wp-block-column-is-layout-flow\"><div class=\"has-text-align-center wp-block-post-date has-small-font-size\"><time datetime=\"2024-07-09T10:04:26+02:00\">9. Juli 2024<\/time><\/div><\/div>\n\n\n\n<div class=\"wp-block-column is-vertically-aligned-center is-layout-flow wp-block-column-is-layout-flow\"><div class=\"taxonomy-category wp-block-post-terms has-small-font-size\"><a href=\"https:\/\/www.sg-hamburg-west.de\/wordpress\/category\/allgemein\/\" rel=\"tag\">Allgemein<\/a><\/div><\/div>\n<\/div>\n<\/div><\/div>\n\n\n<h3 class=\"wp-block-post-title\">Sommerpause<\/h3>\n\n\n\n<div class=\"entry-content wp-block-post-content has-small-font-size is-layout-flow wp-block-post-content-is-layout-flow\">Eine unglaublich erfolgreiche und lange Saison geht zu Ende. Insgesamt nahmen wir in dieser Saison an 54 Wettk\u00e4mpfen mit 304 aktiven Sportlerinnen und Sportlern teil. Uns unterst\u00fctzten 35 Kampfrichterinnen und Kampfrichter. Wir haben erstmals wieder eine Deutsche Jahrgangsmeisterin und einen Norddeutschen Meister. Hinzu kommen sehr viele Hamburger Meistertitel und diverse Top-Platzierungen bei nahezu allen Meisterschaften des DSV, inkl. der Mastersmeisterschaften. Herzlichen Gl\u00fcckwunsch.\n\nAber unser Augenmerk gilt nicht nur den Meisterschaften sondern eben auch den vielen, vielen Sportlerinnen und Sportlern die auf den kleineren Vereinswettk\u00e4mpfen um pers\u00f6nliche Bestzeiten und gute Platzierungen k\u00e4mpften. Erstmals die 25m oder 100m Schmetterling fehlerfrei schwimmen oder \u00fcber 100 Freistil unter der Schallmauer von 1 Minute bleiben oder erstmals die langen Strecken von 400, 800 oder 1.500 zu meistern. All dies sind tolle Erlebnisse unser Sportlerinnen und Sportler. Nicht zu vergessen sind auch die \u00fcber 400 Seepferdchenabzeichen die in unseren 5 Stammvereinen im Laufe der Saison erfolgreich erworben wurden. Darum lieben wir den Schwimmsport.\n\nUnser Cheftrainer der Leistungsgruppe und die vielen Nachwuchstrainerinnen und Trainer organisierten insgesamt 12 zus\u00e4tzliche Trainingscamps, die nat\u00fcrlich sofort ausgebucht waren und eine herausfordernde Erg\u00e4nzung zum regelhaften Training darstellten. Erstmals nahmen auch wieder Sportlerinnen und Sportler aus der Blankeneser Schwimmhalle daran teil. Ein besonderer Dank an unsere Trainerinnen und Trainer f\u00fcr dieses zus\u00e4tzliche Engagement.\n\nDie Eintr\u00e4ge auf dieser Webseite geben nicht immer den aktuellsten Stand unserer Arbeit wieder. Auch aus personellen Gr\u00fcnden vernachl\u00e4ssigen wir manchmal die Kommunikation unserer Arbeit. Aktuell sind aber stets unsere SozialMedia Seiten bei Facebook und insta sowie unsere WebClub-Seite mit allen relevanten Wettk\u00e4mpfen und Ergebnissen der Saison. (https:\/\/hh-west.webclub.app\/) .\nAnfragen insbesondere zum wettkampforientierten Schwimmsport k\u00f6nnen jederzeit an die Adresse info@sg-hamburg-west.de gerichtet werden.\n\nNun ist aber erst einmal Sommerpause. Das letzte Training findet am Freitag, den 12.07. statt und das erste Training startet am Montag, den 02.09. Details zum Trainingsstart geben die jeweiligen Trainerinnen und Trainer bekannt. Bitte fragt nach.\n\nW\u00e4hrend der Sommerpause gibt es f\u00fcr die wettkampforientierten Masters ein Sommertraining im LLZ Dulsbergbad. Details \u00fcber die Trainer.\n\nEinen sch\u00f6nen Sommer w\u00fcnscht das gesamte Trainerteam der SG und aller Stammvereine.\n\n<!-- \/wp:post-content --><\/div>\n<\/li><li class=\"wp-block-post post-565 post type-post status-publish format-standard hentry category-allgemein\">\n\n<div class=\"wp-block-group\"><div class=\"wp-block-group__inner-container is-layout-constrained wp-block-group-is-layout-constrained\">\n<div class=\"wp-block-columns is-layout-flex wp-container-core-columns-is-layout-9d6595d7 wp-block-columns-is-layout-flex\">\n<div class=\"wp-block-column is-vertically-aligned-center is-layout-flow wp-block-column-is-layout-flow\"><div class=\"wp-block-post-author has-small-font-size\"><div class=\"wp-block-post-author__avatar\"><img alt='' src='https:\/\/secure.gravatar.com\/avatar\/f6c33fd6fa2d98ee66ce28015b308130d303b51e2221e0f938b7e8234a05a151?s=48&#038;d=mm&#038;r=g' srcset='https:\/\/secure.gravatar.com\/avatar\/f6c33fd6fa2d98ee66ce28015b308130d303b51e2221e0f938b7e8234a05a151?s=96&#038;d=mm&#038;r=g 2x' class='comment_img avatar-48 photo' height='48' width='48' \/><\/div><div class=\"wp-block-post-author__content\"><p class=\"wp-block-post-author__name\">Reporter<\/p><\/div><\/div><\/div>\n\n\n\n<div class=\"wp-block-column is-vertically-aligned-center is-layout-flow wp-block-column-is-layout-flow\"><div class=\"has-text-align-center wp-block-post-date has-small-font-size\"><time datetime=\"2023-10-20T17:21:51+02:00\">20. Oktober 2023<\/time><\/div><\/div>\n\n\n\n<div class=\"wp-block-column is-vertically-aligned-center is-layout-flow wp-block-column-is-layout-flow\"><div class=\"taxonomy-category wp-block-post-terms has-small-font-size\"><a href=\"https:\/\/www.sg-hamburg-west.de\/wordpress\/category\/allgemein\/\" rel=\"tag\">Allgemein<\/a><\/div><\/div>\n<\/div>\n<\/div><\/div>\n\n\n<h3 class=\"wp-block-post-title\">Deutsche Mannschaftsmeisterschaften der Masters (DMS-M)<\/h3>\n\n\n\n<div class=\"entry-content wp-block-post-content has-small-font-size is-layout-flow wp-block-post-content-is-layout-flow\">\n<p>Allj\u00e4hrlich wartet im Herbst ein Wettkampfh\u00f6hepunkt auf unsere Mastersschwimmer. Die Hamburger Vork\u00e4mpfe zu den Deutschen Mannschaftsmeisterschaften der Masters stehen an. Geschwommen wird nahezu das gesamte olympische Wettkampfprogramm, teilweise in doppelter Ausf\u00fchrung. Das Besondere an diesem Wettkampf ist das wohl austarierte Reglement, nachdem sowohl junge als auch alte Sportler, sowohl Damen als auch Herren eingesetzt werden m\u00fcssen. Welche Strecke von welcher Sportlerin oder Sportler geschwommen wird ist freigestellt und wird nach der maximal zu erreichenden 1000-Punktezahl anhand des jeweiligen Altersklassenweltrekordes ermittelt. Eine Altersklasse umfasst bei den Masters stets f\u00fcnf Geburtsjahrg\u00e4nge, beginnend bei AK20 bis hoch zur AK95.<\/p>\n\n\n\n<figure class=\"wp-block-image size-large\"><img loading=\"lazy\" decoding=\"async\" width=\"1024\" height=\"580\" src=\"https:\/\/www.sg-hamburg-west.de\/wordpress\/wp-content\/uploads\/2023\/10\/DMSM_02_v2-1024x580.jpeg\" alt=\"\" class=\"wp-image-566\" srcset=\"https:\/\/www.sg-hamburg-west.de\/wordpress\/wp-content\/uploads\/2023\/10\/DMSM_02_v2-1024x580.jpeg 1024w, https:\/\/www.sg-hamburg-west.de\/wordpress\/wp-content\/uploads\/2023\/10\/DMSM_02_v2-300x170.jpeg 300w, https:\/\/www.sg-hamburg-west.de\/wordpress\/wp-content\/uploads\/2023\/10\/DMSM_02_v2-768x435.jpeg 768w, https:\/\/www.sg-hamburg-west.de\/wordpress\/wp-content\/uploads\/2023\/10\/DMSM_02_v2.jpeg 1148w\" sizes=\"auto, (max-width: 1024px) 100vw, 1024px\" \/><\/figure>\n\n\n\n<p>In diesem Jahr wollten wir eigentlich vier Teams mit insgesamt 54 Schwimmerinnen und Schwimmer an den Start bringen, zwei Teams wurden letztlich zugelassen. Diese nachtr\u00e4gliche Reduzierung erm\u00f6glichst es uns aber, die Aufstellung noch einmal zu \u00fcberarbeiten und zwei richtig schnelle Teams ins Rennen zu schicken. Und siehe da: Der Aufwand hat sich gelohnt. Teams 1 wurde mit einer Punktzahl von 16.757 vierter und Teams 2 belegte einen sehr guten 8. Platz. (von 20 Mannschaften). Platz 4 in Hamburg klingt zun\u00e4chst eher mittelm\u00e4\u00dfig ist aber die zweitbeste jemals von uns erreichte Punktzahl und bedeutet im bundesweiten Vergleich eine Top18 Platzierung. Gigantisch. Unsere Masters sind Top18 aller deutschen Wettkampfschwimmvereine.<\/p>\n\n\n\n<p>Hier muss man wissen, dass der Masterssport in den letzten Jahren einen gro\u00dfen Qualit\u00e4tssprung gemacht hat. Vielerorts wird unter leistungssport\u00e4hnlichen Bedingungen gearbeitet und in vielen Vereinen schwimmen ehemalige Olympiateilnehmer oder ehemalige deutsche Profischwimmer. Bei uns sind weitestgehend ambitionierte Freizeitsportler aktiv.<\/p>\n\n\n\n<p>Die punktbesten Leistungen schwammen bei uns Hans Werner K\u00f6hn mit 24,36 \u00fcber 50F und 824 Punkten sowie Nicholas Grillo mit 1:59,03 \u00fcber 200F und 789 Punkten. Die Leistungen aller Sportlerinnen und Sportler waren sehr ausgeglichen und konstant gut. Spitze.<\/p>\n\n\n\n<p>Besonders erw\u00e4hnenswert ist, dass in diesem Jahr Aktive aus allen f\u00fcnf Stammvereinen der SG gleicherma\u00dfen beteiligt waren. Nur \u00fcber gute Kooperationen mit anderen Vereinen kann man seine Kr\u00e4fte b\u00fcndeln, Synergien schaffen und im Konzert der Gro\u00dfen bundesweit mitsschwimmen.<\/p>\n<\/div>\n<\/li><\/ul><\/div>\n","protected":false},"excerpt":{"rendered":"","protected":false},"author":1,"featured_media":0,"parent":0,"menu_order":0,"comment_status":"closed","ping_status":"closed","template":"","meta":{"footnotes":""},"class_list":["post-101","page","type-page","status-publish","hentry"],"_links":{"self":[{"href":"https:\/\/www.sg-hamburg-west.de\/wordpress\/wp-json\/wp\/v2\/pages\/101","targetHints":{"allow":["GET"]}}],"collection":[{"href":"https:\/\/www.sg-hamburg-west.de\/wordpress\/wp-json\/wp\/v2\/pages"}],"about":[{"href":"https:\/\/www.sg-hamburg-west.de\/wordpress\/wp-json\/wp\/v2\/types\/page"}],"author":[{"embeddable":true,"href":"https:\/\/www.sg-hamburg-west.de\/wordpress\/wp-json\/wp\/v2\/users\/1"}],"replies":[{"embeddable":true,"href":"https:\/\/www.sg-hamburg-west.de\/wordpress\/wp-json\/wp\/v2\/comments?post=101"}],"version-history":[{"count":16,"href":"https:\/\/www.sg-hamburg-west.de\/wordpress\/wp-json\/wp\/v2\/pages\/101\/revisions"}],"predecessor-version":[{"id":459,"href":"https:\/\/www.sg-hamburg-west.de\/wordpress\/wp-json\/wp\/v2\/pages\/101\/revisions\/459"}],"wp:attachment":[{"href":"https:\/\/www.sg-hamburg-west.de\/wordpress\/wp-json\/wp\/v2\/media?parent=101"}],"curies":[{"name":"wp","href":"https:\/\/api.w.org\/{rel}","templated":true}]}}