{"id":167,"date":"2023-01-20T14:11:32","date_gmt":"2023-01-20T13:11:32","guid":{"rendered":"https:\/\/www.sg-hamburg-west.de\/wordpress\/?page_id=167"},"modified":"2026-05-07T16:47:32","modified_gmt":"2026-05-07T14:47:32","slug":"vereinskleidung","status":"publish","type":"page","link":"https:\/\/www.sg-hamburg-west.de\/wordpress\/vereinskleidung\/","title":{"rendered":"Vereinskleidung"},"content":{"rendered":"\n<figure class=\"wp-block-image size-full is-resized\"><img loading=\"lazy\" decoding=\"async\" width=\"574\" height=\"450\" src=\"https:\/\/www.sg-hamburg-west.de\/wordpress\/wp-content\/uploads\/2023\/01\/22212_10153342394931318_8156818866098844279_n.jpg\" alt=\"\" class=\"wp-image-128\" style=\"width:841px;height:659px\" srcset=\"https:\/\/www.sg-hamburg-west.de\/wordpress\/wp-content\/uploads\/2023\/01\/22212_10153342394931318_8156818866098844279_n.jpg 574w, https:\/\/www.sg-hamburg-west.de\/wordpress\/wp-content\/uploads\/2023\/01\/22212_10153342394931318_8156818866098844279_n-300x235.jpg 300w\" sizes=\"auto, (max-width: 574px) 100vw, 574px\" \/><figcaption class=\"wp-element-caption\"> <\/figcaption><\/figure>\n\n\n\n<p>Zum Training und zu unseren gemeinsamen Wettbewerben k\u00f6nnen unsere Aktiven die Vereinskleidung der SG Hamburg-West tragen.&nbsp;<\/p>\n\n\n\n<p>F\u00fcr unsere Wettkampfgruppen gibt es das offizielle, personalisierte SG Hamburg-West T-Shirt und die SG Hamburg-West Badekappe.&nbsp;<\/p>\n\n\n\n<h3 class=\"wp-block-heading\">Derzeit bieten wir folgende Dinge als Vereinsausr\u00fcstung<\/h3>\n\n\n\n<p>F\u00fcr die Wettkampfgruppen wird folgende Ausr\u00fcstung und Kleidung empfohlen. (Details und Aktualit\u00e4t bitte bei den jeweiligen Trainern der Teams erfragen. Stand: 2026)<\/p>\n\n\n\n<p><\/p>\n\n\n\n<p><a href=\"https:\/\/www.sg-hamburg-west.de\/wordpress\/wp-content\/uploads\/2026\/05\/SG-Zubehoer_2026.pdf\" data-type=\"attachment\" data-id=\"433\">Trainingsutensilien<\/a><\/p>\n\n\n\n<p>Die Vereinskleidung der SG Hamburg-West ist \u00fcber unseren Kooperationspartner MWS-Sport zu beziehen. Bei Fragen und W\u00fcnschen wendet euch bitte zun\u00e4chst an euren Trainer\/in oder direkt an MWS-Sport.<\/p>\n\n\n\n<p><em>MWS-Sport<br>Kleiner Sch\u00e4ferkamp 21<br>20357 Hamburg<\/em><\/p>\n","protected":false},"excerpt":{"rendered":"<p>Zum Training und zu unseren gemeinsamen Wettbewerben k\u00f6nnen unsere Aktiven die Vereinskleidung der SG Hamburg-West tragen.&nbsp; F\u00fcr unsere Wettkampfgruppen gibt es das offizielle, personalisierte SG Hamburg-West T-Shirt und die SG [&hellip;]<\/p>\n","protected":false},"author":1,"featured_media":0,"parent":0,"menu_order":0,"comment_status":"closed","ping_status":"closed","template":"","meta":{"footnotes":""},"class_list":["post-167","page","type-page","status-publish","hentry"],"_links":{"self":[{"href":"https:\/\/www.sg-hamburg-west.de\/wordpress\/wp-json\/wp\/v2\/pages\/167","targetHints":{"allow":["GET"]}}],"collection":[{"href":"https:\/\/www.sg-hamburg-west.de\/wordpress\/wp-json\/wp\/v2\/pages"}],"about":[{"href":"https:\/\/www.sg-hamburg-west.de\/wordpress\/wp-json\/wp\/v2\/types\/page"}],"author":[{"embeddable":true,"href":"https:\/\/www.sg-hamburg-west.de\/wordpress\/wp-json\/wp\/v2\/users\/1"}],"replies":[{"embeddable":true,"href":"https:\/\/www.sg-hamburg-west.de\/wordpress\/wp-json\/wp\/v2\/comments?post=167"}],"version-history":[{"count":4,"href":"https:\/\/www.sg-hamburg-west.de\/wordpress\/wp-json\/wp\/v2\/pages\/167\/revisions"}],"predecessor-version":[{"id":694,"href":"https:\/\/www.sg-hamburg-west.de\/wordpress\/wp-json\/wp\/v2\/pages\/167\/revisions\/694"}],"wp:attachment":[{"href":"https:\/\/www.sg-hamburg-west.de\/wordpress\/wp-json\/wp\/v2\/media?parent=167"}],"curies":[{"name":"wp","href":"https:\/\/api.w.org\/{rel}","templated":true}]}}