{"id":283,"date":"2023-01-22T15:08:06","date_gmt":"2023-01-22T14:08:06","guid":{"rendered":"https:\/\/www.sg-hamburg-west.de\/wordpress\/?page_id=283"},"modified":"2026-02-15T21:46:09","modified_gmt":"2026-02-15T20:46:09","slug":"goldfische-st-pauli","status":"publish","type":"page","link":"https:\/\/www.sg-hamburg-west.de\/wordpress\/goldfische-st-pauli\/","title":{"rendered":"Goldfische Wandsbek (ehemals St. Pauli)"},"content":{"rendered":"\n<h3 class=\"wp-block-heading\">Informationen \u00fcber die Gruppe:<\/h3>\n\n\n\n<p>W\u00e4hrend der Schlie\u00dfzeit der Schwimmhalle St. Pauli (bis Sommer 2028) trainieren die Delphine in der Alsterschwimmhalle (ASH) und in Wandsbek (Wendemuthstra\u00dfe).<\/p>\n\n\n\n<p><strong>Alter der Sportler:<\/strong>&nbsp;7 \u2013 9 Jahre<br><strong>Trainingsangebot:<\/strong>&nbsp;2 x 75min<br><strong>Ziel:<\/strong>&nbsp;In der Gruppe \u201cGoldfisch\u201d bringen wir den Aktiven die Grundlagen f\u00fcr eine erfolgreiche schwimmerische Karriere bei. Denn nur mit einer guten schwimmtechnischen Ausbildung k\u00f6nnen die Sportler lange Freude am Schwimmen haben. Daf\u00fcr vermitteln wir ihnen ein Gef\u00fchl f\u00fcr ihren K\u00f6rper, erarbeiten ein vielseitiges Bewegungsrepertoire im Wasser und an Land und wollen, dass die Kinder mit Freude und Spa\u00df zum Training kommen. Daf\u00fcr ist eine regelm\u00e4\u00dfige Teilnahme an beiden Trainingstagen jedoch notwendig.<br>Wichtige Wettk\u00e4mpfe sind der Landesvielseitigkeitstest (fr\u00fcher Sichtung) sowie die von unserer SG ausgerichteten zwei Nachwuchswettk\u00e4mpfe pro Jahr.<\/p>\n\n\n\n<h3 class=\"wp-block-heading\">Die Trainingszeiten:<\/h3>\n\n\n\n<p>\u2013 Die ersten 15 Minuten jeder Einheit dienen der Erw\u00e4rmung an Land.<\/p>\n\n\n\n<figure class=\"wp-block-table\"><table><tbody><tr><td class=\"has-text-align-center\" data-align=\"center\"><strong>Verein<\/strong><\/td><td class=\"has-text-align-center\" data-align=\"center\"><strong>Trainingszeit I<\/strong><\/td><td class=\"has-text-align-center\" data-align=\"center\"><strong>Trainingszeit II<\/strong><\/td><td class=\"has-text-align-center\" data-align=\"center\"><strong>Trainer<\/strong><\/td><td class=\"has-text-align-center\" data-align=\"center\"><strong>Ort<\/strong><\/td><\/tr><tr><td class=\"has-text-align-center\" data-align=\"center\">ATSV<\/td><td class=\"has-text-align-center\" data-align=\"center\">Dienstag<br>15:45 \u2013 17:00<\/td><td class=\"has-text-align-center\" data-align=\"center\">Donnerstag<br>15:45 \u2013 17:00<\/td><td class=\"has-text-align-center\" data-align=\"center\">nn<\/td><td class=\"has-text-align-center\" data-align=\"center\">Wandsbek (Di)<br>ASH (Do) <\/td><\/tr><tr><td class=\"has-text-align-center\" data-align=\"center\">ETV<\/td><td class=\"has-text-align-center\" data-align=\"center\">Donnerstag<br>16:45 \u2013 18:00<\/td><td class=\"has-text-align-center\" data-align=\"center\">Freitag<br>15:45 \u2013 17:00<\/td><td class=\"has-text-align-center\" data-align=\"center\">nn<\/td><td class=\"has-text-align-center\" data-align=\"center\">ASH (Do)<br>Wandsbek (Fr)<\/td><\/tr><tr><td class=\"has-text-align-center\" data-align=\"center\">HTB<\/td><td class=\"has-text-align-center\" data-align=\"center\">Dienstag<br>16:45 \u2013 18:00<\/td><td class=\"has-text-align-center\" data-align=\"center\">Mittwoch<br>16:45 \u2013 18:00<\/td><td class=\"has-text-align-center\" data-align=\"center\">Ari Kehr<\/td><td class=\"has-text-align-center\" data-align=\"center\">Wandsbek<\/td><\/tr><\/tbody><\/table><\/figure>\n\n\n\n<figure class=\"wp-block-table\"><table><tbody><tr><td><a href=\"https:\/\/www.sg-hamburg-west.de\/wordpress\/schildkroeten-st-pauli\/\" data-type=\"page\" data-id=\"282\">vorherige Gruppe<\/a><\/td><td class=\"has-text-align-right\" data-align=\"right\"><a href=\"https:\/\/www.sg-hamburg-west.de\/wordpress\/delphine-st-pauli\/\" data-type=\"page\" data-id=\"284\">n\u00e4chste Gruppe<\/a><\/td><\/tr><\/tbody><\/table><\/figure>\n","protected":false},"excerpt":{"rendered":"<p>Informationen \u00fcber die Gruppe: W\u00e4hrend der Schlie\u00dfzeit der Schwimmhalle St. Pauli (bis Sommer 2028) trainieren die Delphine in der Alsterschwimmhalle (ASH) und in Wandsbek (Wendemuthstra\u00dfe). Alter der Sportler:&nbsp;7 \u2013 9 [&hellip;]<\/p>\n","protected":false},"author":1,"featured_media":0,"parent":0,"menu_order":0,"comment_status":"closed","ping_status":"closed","template":"","meta":{"footnotes":""},"class_list":["post-283","page","type-page","status-publish","hentry"],"_links":{"self":[{"href":"https:\/\/www.sg-hamburg-west.de\/wordpress\/wp-json\/wp\/v2\/pages\/283","targetHints":{"allow":["GET"]}}],"collection":[{"href":"https:\/\/www.sg-hamburg-west.de\/wordpress\/wp-json\/wp\/v2\/pages"}],"about":[{"href":"https:\/\/www.sg-hamburg-west.de\/wordpress\/wp-json\/wp\/v2\/types\/page"}],"author":[{"embeddable":true,"href":"https:\/\/www.sg-hamburg-west.de\/wordpress\/wp-json\/wp\/v2\/users\/1"}],"replies":[{"embeddable":true,"href":"https:\/\/www.sg-hamburg-west.de\/wordpress\/wp-json\/wp\/v2\/comments?post=283"}],"version-history":[{"count":10,"href":"https:\/\/www.sg-hamburg-west.de\/wordpress\/wp-json\/wp\/v2\/pages\/283\/revisions"}],"predecessor-version":[{"id":679,"href":"https:\/\/www.sg-hamburg-west.de\/wordpress\/wp-json\/wp\/v2\/pages\/283\/revisions\/679"}],"wp:attachment":[{"href":"https:\/\/www.sg-hamburg-west.de\/wordpress\/wp-json\/wp\/v2\/media?parent=283"}],"curies":[{"name":"wp","href":"https:\/\/api.w.org\/{rel}","templated":true}]}}